{"id":185,"date":"2025-11-07T10:51:44","date_gmt":"2025-11-07T09:51:44","guid":{"rendered":"https:\/\/interne.bcopin.com\/cnr\/wordpress\/?page_id=185"},"modified":"2025-11-26T09:57:38","modified_gmt":"2025-11-26T08:57:38","slug":"questions-reponses","status":"publish","type":"page","link":"https:\/\/www.campingnaturistelachenaie.com\/?page_id=185","title":{"rendered":"Questions \/ R\u00e9ponses"},"content":{"rendered":"\n<details class=\"wp-block-details is-layout-flow wp-block-details-is-layout-flow\"><summary><strong>Quels sont les horaires de l&rsquo;accueil ?<\/strong><\/summary>\n<p>L&rsquo;accueil est joignable en saison 7 jours sur 7 de 9h \u00e0 12h et de 14h \u00e0 18h.<\/p>\n<\/details>\n\n\n\n<details class=\"wp-block-details is-layout-flow wp-block-details-is-layout-flow\"><summary><strong>Ai-je besoin d\u2019une licence naturiste&nbsp;?<\/strong><\/summary>\n<p>Afin de pouvoir confirmer votre s\u00e9jour sur notre camping il vous sera demander de pr\u00e9senter votre carte de licence naturiste.<\/p>\n\n\n\n<p>Si vous n&rsquo;en avez pas encore vous pouvez la commander sur le site de la f\u00e9d\u00e9ration directement : <a href=\"https:\/\/www.ffn-naturisme.com\/\" target=\"_blank\" rel=\"noreferrer noopener\">https:\/\/www.ffn-naturisme.com\/<\/a><\/p>\n<\/details>\n\n\n\n<details class=\"wp-block-details is-layout-flow wp-block-details-is-layout-flow\"><summary><strong>Puis-je venir en visite a la journ\u00e9e ?<\/strong><\/summary>\n<p>Se vous \u00eates invit\u00e9 d&rsquo;une personne \u00e9tant sur le camping il est possible que celle ci vous invite a la journ\u00e9e.<\/p>\n\n\n\n<p>Les visiteurs a la journ\u00e9e autre que des invit\u00e9s ne sont plus accept\u00e9 sur le camping.<\/p>\n<\/details>\n\n\n\n<details class=\"wp-block-details is-layout-flow wp-block-details-is-layout-flow\"><summary><strong>Y a-t-il des r\u00e8gles de \u00ab\u00a0dress code\u00a0\u00bb ?<\/strong><\/summary>\n<p>Oui, la r\u00e8gle d&rsquo;or est : \u00ab\u00a0Nudit\u00e9 quand c&rsquo;est possible, v\u00eatements quand c&rsquo;est n\u00e9cessaire.\u00a0\u00bb Vous pouvez toujours mettre un t-shirt pour vous prot\u00e9ger du soleil br\u00fblant ou lorsque le temp\u00e9rature descent.<\/p>\n<\/details>\n\n\n\n<details class=\"wp-block-details is-layout-flow wp-block-details-is-layout-flow\"><summary><strong>Y a-t-il des r\u00e8gles de conduite sp\u00e9cifiques \u00e0 suivre ?<\/strong><\/summary>\n<p>Oui, bien s\u00fbr ! Soyez respectueux envers les autres campeurs, ne prenez pas de photos sans permission, et \u00e9vitez les comportements d\u00e9plac\u00e9s. Vous savez, les bonnes vieilles r\u00e8gles de la politesse !<\/p>\n<\/details>\n\n\n\n<details class=\"wp-block-details is-layout-flow wp-block-details-is-layout-flow\"><summary><strong>Quelle est la r\u00e8gle la plus importante dans un camping naturiste ?<\/strong><\/summary>\n<p>La r\u00e8gle la plus importante est de respecter les autres. Soyez toujours respectueux et bienveillant envers vos compagnons campeurs, qu&rsquo;ils soient habill\u00e9s ou non. La nudit\u00e9, c&rsquo;est g\u00e9nial, mais le respect, c&rsquo;est encore mieux !<\/p>\n<\/details>\n\n\n\n<details class=\"wp-block-details is-layout-flow wp-block-details-is-layout-flow\"><summary><strong>Comment puis-je expliquer \u00e0 mes amis que j&rsquo;ai pass\u00e9 des vacances naturistes sans passer pour un excentrique ?<\/strong><\/summary>\n<p>Utilisez simplement l&rsquo;humour ! Dites-leur que vous avez \u00e9t\u00e9 \u00ab\u00a0au plus pr\u00e8s de la nature\u00a0\u00bb, que vous avez pratiqu\u00e9 le \u00ab\u00a0bronzage sans traces de maillot\u00a0\u00bb, ou que vous avez fait l&rsquo;exp\u00e9rience d&rsquo;un \u00ab\u00a0voyage sous les \u00e9toiles (et le soleil)\u00a0\u00bb. Apr\u00e8s tout, c&rsquo;est l&rsquo;humour qui rend la vie nue plus l\u00e9g\u00e8re !<\/p>\n<\/details>\n\n\n\n<details class=\"wp-block-details is-layout-flow wp-block-details-is-layout-flow\"><summary><strong>Qu&rsquo;est-ce qui rend un camping naturiste si sp\u00e9cial ?<\/strong><br><\/summary>\n<p>L&rsquo;ambiance d\u00e9tendue, la connexion \u00e0 la nature, la tol\u00e9rance corporelle, et bien s\u00fbr, le bronzage int\u00e9gral. C&rsquo;est comme un retour \u00e0 l&rsquo;essentiel, mais avec une bonne dose de soleil et d&rsquo;humour !<\/p>\n<\/details>\n\n\n\n<details class=\"wp-block-details is-layout-flow wp-block-details-is-layout-flow\"><summary><strong>Que dois-je emporter dans mes bagages pour un s\u00e9jour dans un camping naturiste ?<\/strong><\/summary>\n<p>En plus des articles de base, n&rsquo;oubliez pas d&rsquo;ammener une serviette, un naturiste ne s&rsquo;assoit jamais directement sur une chaise ou un transat, c&rsquo;est une question d&rsquo;hygi\u00e8ne. N&rsquo;oubliez pas non plus d&rsquo;apporter votre sens de l&rsquo;humour et de l&rsquo;ouverture d&rsquo;esprit.<\/p>\n<\/details>\n","protected":false},"excerpt":{"rendered":"","protected":false},"author":1,"featured_media":0,"parent":0,"menu_order":0,"comment_status":"closed","ping_status":"closed","template":"","meta":{"footnotes":""},"class_list":["post-185","page","type-page","status-publish","hentry"],"yoast_head":"<!-- This site is optimized with the Yoast SEO plugin v27.3 - https:\/\/yoast.com\/product\/yoast-seo-wordpress\/ -->\n<title>Questions \/ R\u00e9ponses - Camping Naturiste La Ch\u00eanaie<\/title>\n<meta name=\"robots\" content=\"index, follow, max-snippet:-1, max-image-preview:large, max-video-preview:-1\" \/>\n<link rel=\"canonical\" href=\"https:\/\/www.campingnaturistelachenaie.com\/?page_id=185\" \/>\n<meta property=\"og:locale\" content=\"fr_FR\" \/>\n<meta property=\"og:type\" content=\"article\" \/>\n<meta property=\"og:title\" content=\"Questions \/ R\u00e9ponses - Camping Naturiste La Ch\u00eanaie\" \/>\n<meta property=\"og:url\" content=\"https:\/\/www.campingnaturistelachenaie.com\/?page_id=185\" \/>\n<meta property=\"og:site_name\" content=\"Camping Naturiste La Ch\u00eanaie\" \/>\n<meta property=\"article:modified_time\" content=\"2025-11-26T08:57:38+00:00\" \/>\n<meta name=\"twitter:card\" content=\"summary_large_image\" \/>\n<meta name=\"twitter:label1\" content=\"Dur\u00e9e de lecture estim\u00e9e\" \/>\n\t<meta name=\"twitter:data1\" content=\"2 minutes\" \/>\n<script type=\"application\/ld+json\" class=\"yoast-schema-graph\">{\"@context\":\"https:\\\/\\\/schema.org\",\"@graph\":[{\"@type\":\"WebPage\",\"@id\":\"https:\\\/\\\/www.campingnaturistelachenaie.com\\\/?page_id=185\",\"url\":\"https:\\\/\\\/www.campingnaturistelachenaie.com\\\/?page_id=185\",\"name\":\"Questions \\\/ R\u00e9ponses - Camping Naturiste La Ch\u00eanaie\",\"isPartOf\":{\"@id\":\"https:\\\/\\\/www.campingnaturistelachenaie.com\\\/#website\"},\"datePublished\":\"2025-11-07T09:51:44+00:00\",\"dateModified\":\"2025-11-26T08:57:38+00:00\",\"breadcrumb\":{\"@id\":\"https:\\\/\\\/www.campingnaturistelachenaie.com\\\/?page_id=185#breadcrumb\"},\"inLanguage\":\"fr-FR\",\"potentialAction\":[{\"@type\":\"ReadAction\",\"target\":[\"https:\\\/\\\/www.campingnaturistelachenaie.com\\\/?page_id=185\"]}]},{\"@type\":\"BreadcrumbList\",\"@id\":\"https:\\\/\\\/www.campingnaturistelachenaie.com\\\/?page_id=185#breadcrumb\",\"itemListElement\":[{\"@type\":\"ListItem\",\"position\":1,\"name\":\"Home\",\"item\":\"https:\\\/\\\/www.campingnaturistelachenaie.com\\\/\"},{\"@type\":\"ListItem\",\"position\":2,\"name\":\"Questions \\\/ R\u00e9ponses\"}]},{\"@type\":\"WebSite\",\"@id\":\"https:\\\/\\\/www.campingnaturistelachenaie.com\\\/#website\",\"url\":\"https:\\\/\\\/www.campingnaturistelachenaie.com\\\/\",\"name\":\"Camping Naturiste La Ch\u00eanaie\",\"description\":\"Camping Naturiste La Ch\u00eanaie\",\"publisher\":{\"@id\":\"https:\\\/\\\/www.campingnaturistelachenaie.com\\\/#organization\"},\"potentialAction\":[{\"@type\":\"SearchAction\",\"target\":{\"@type\":\"EntryPoint\",\"urlTemplate\":\"https:\\\/\\\/www.campingnaturistelachenaie.com\\\/?s={search_term_string}\"},\"query-input\":{\"@type\":\"PropertyValueSpecification\",\"valueRequired\":true,\"valueName\":\"search_term_string\"}}],\"inLanguage\":\"fr-FR\"},{\"@type\":\"Organization\",\"@id\":\"https:\\\/\\\/www.campingnaturistelachenaie.com\\\/#organization\",\"name\":\"Camping Naturiste La Ch\u00eanaie\",\"url\":\"https:\\\/\\\/www.campingnaturistelachenaie.com\\\/\",\"logo\":{\"@type\":\"ImageObject\",\"inLanguage\":\"fr-FR\",\"@id\":\"https:\\\/\\\/www.campingnaturistelachenaie.com\\\/#\\\/schema\\\/logo\\\/image\\\/\",\"url\":\"https:\\\/\\\/cnr.bcopin.net\\\/wp-content\\\/uploads\\\/2025\\\/11\\\/cropped-favicon.jpg\",\"contentUrl\":\"https:\\\/\\\/cnr.bcopin.net\\\/wp-content\\\/uploads\\\/2025\\\/11\\\/cropped-favicon.jpg\",\"width\":512,\"height\":512,\"caption\":\"Camping Naturiste La Ch\u00eanaie\"},\"image\":{\"@id\":\"https:\\\/\\\/www.campingnaturistelachenaie.com\\\/#\\\/schema\\\/logo\\\/image\\\/\"}}]}<\/script>\n<!-- \/ Yoast SEO plugin. -->","yoast_head_json":{"title":"Questions \/ R\u00e9ponses - Camping Naturiste La Ch\u00eanaie","robots":{"index":"index","follow":"follow","max-snippet":"max-snippet:-1","max-image-preview":"max-image-preview:large","max-video-preview":"max-video-preview:-1"},"canonical":"https:\/\/www.campingnaturistelachenaie.com\/?page_id=185","og_locale":"fr_FR","og_type":"article","og_title":"Questions \/ R\u00e9ponses - Camping Naturiste La Ch\u00eanaie","og_url":"https:\/\/www.campingnaturistelachenaie.com\/?page_id=185","og_site_name":"Camping Naturiste La Ch\u00eanaie","article_modified_time":"2025-11-26T08:57:38+00:00","twitter_card":"summary_large_image","twitter_misc":{"Dur\u00e9e de lecture estim\u00e9e":"2 minutes"},"schema":{"@context":"https:\/\/schema.org","@graph":[{"@type":"WebPage","@id":"https:\/\/www.campingnaturistelachenaie.com\/?page_id=185","url":"https:\/\/www.campingnaturistelachenaie.com\/?page_id=185","name":"Questions \/ R\u00e9ponses - Camping Naturiste La Ch\u00eanaie","isPartOf":{"@id":"https:\/\/www.campingnaturistelachenaie.com\/#website"},"datePublished":"2025-11-07T09:51:44+00:00","dateModified":"2025-11-26T08:57:38+00:00","breadcrumb":{"@id":"https:\/\/www.campingnaturistelachenaie.com\/?page_id=185#breadcrumb"},"inLanguage":"fr-FR","potentialAction":[{"@type":"ReadAction","target":["https:\/\/www.campingnaturistelachenaie.com\/?page_id=185"]}]},{"@type":"BreadcrumbList","@id":"https:\/\/www.campingnaturistelachenaie.com\/?page_id=185#breadcrumb","itemListElement":[{"@type":"ListItem","position":1,"name":"Home","item":"https:\/\/www.campingnaturistelachenaie.com\/"},{"@type":"ListItem","position":2,"name":"Questions \/ R\u00e9ponses"}]},{"@type":"WebSite","@id":"https:\/\/www.campingnaturistelachenaie.com\/#website","url":"https:\/\/www.campingnaturistelachenaie.com\/","name":"Camping Naturiste La Ch\u00eanaie","description":"Camping Naturiste La Ch\u00eanaie","publisher":{"@id":"https:\/\/www.campingnaturistelachenaie.com\/#organization"},"potentialAction":[{"@type":"SearchAction","target":{"@type":"EntryPoint","urlTemplate":"https:\/\/www.campingnaturistelachenaie.com\/?s={search_term_string}"},"query-input":{"@type":"PropertyValueSpecification","valueRequired":true,"valueName":"search_term_string"}}],"inLanguage":"fr-FR"},{"@type":"Organization","@id":"https:\/\/www.campingnaturistelachenaie.com\/#organization","name":"Camping Naturiste La Ch\u00eanaie","url":"https:\/\/www.campingnaturistelachenaie.com\/","logo":{"@type":"ImageObject","inLanguage":"fr-FR","@id":"https:\/\/www.campingnaturistelachenaie.com\/#\/schema\/logo\/image\/","url":"https:\/\/cnr.bcopin.net\/wp-content\/uploads\/2025\/11\/cropped-favicon.jpg","contentUrl":"https:\/\/cnr.bcopin.net\/wp-content\/uploads\/2025\/11\/cropped-favicon.jpg","width":512,"height":512,"caption":"Camping Naturiste La Ch\u00eanaie"},"image":{"@id":"https:\/\/www.campingnaturistelachenaie.com\/#\/schema\/logo\/image\/"}}]}},"_links":{"self":[{"href":"https:\/\/www.campingnaturistelachenaie.com\/index.php?rest_route=\/wp\/v2\/pages\/185","targetHints":{"allow":["GET"]}}],"collection":[{"href":"https:\/\/www.campingnaturistelachenaie.com\/index.php?rest_route=\/wp\/v2\/pages"}],"about":[{"href":"https:\/\/www.campingnaturistelachenaie.com\/index.php?rest_route=\/wp\/v2\/types\/page"}],"author":[{"embeddable":true,"href":"https:\/\/www.campingnaturistelachenaie.com\/index.php?rest_route=\/wp\/v2\/users\/1"}],"replies":[{"embeddable":true,"href":"https:\/\/www.campingnaturistelachenaie.com\/index.php?rest_route=%2Fwp%2Fv2%2Fcomments&post=185"}],"version-history":[{"count":13,"href":"https:\/\/www.campingnaturistelachenaie.com\/index.php?rest_route=\/wp\/v2\/pages\/185\/revisions"}],"predecessor-version":[{"id":273,"href":"https:\/\/www.campingnaturistelachenaie.com\/index.php?rest_route=\/wp\/v2\/pages\/185\/revisions\/273"}],"wp:attachment":[{"href":"https:\/\/www.campingnaturistelachenaie.com\/index.php?rest_route=%2Fwp%2Fv2%2Fmedia&parent=185"}],"curies":[{"name":"wp","href":"https:\/\/api.w.org\/{rel}","templated":true}]}}