{"id":96,"date":"2025-11-06T10:55:00","date_gmt":"2025-11-06T09:55:00","guid":{"rendered":"https:\/\/interne.bcopin.com\/cnr\/wordpress\/?page_id=96"},"modified":"2026-02-19T11:20:39","modified_gmt":"2026-02-19T10:20:39","slug":"offres","status":"publish","type":"page","link":"https:\/\/www.campingnaturistelachenaie.com\/?page_id=96","title":{"rendered":"Nos H\u00e9bergements"},"content":{"rendered":"\n<figure class=\"wp-block-image aligncenter size-full is-resized\"><a href=\"?page_id=161\"><img loading=\"lazy\" decoding=\"async\" width=\"667\" height=\"228\" src=\"https:\/\/cnr.bcopin.net\/wp-content\/uploads\/2025\/11\/reserver.png\" alt=\"\" class=\"wp-image-235\" style=\"width:172px;height:auto\" srcset=\"https:\/\/www.campingnaturistelachenaie.com\/wp-content\/uploads\/2025\/11\/reserver.png 667w, https:\/\/www.campingnaturistelachenaie.com\/wp-content\/uploads\/2025\/11\/reserver-300x103.png 300w\" sizes=\"auto, (max-width: 667px) 100vw, 667px\" \/><\/a><\/figure>\n\n\n\n<p><strong>\u200bEmplacement camping<\/strong> (Caravane \/ Tente \/ Camping Car)<\/p>\n\n\n\n<div class=\"wp-block-columns is-layout-flex wp-container-core-columns-is-layout-28f84493 wp-block-columns-is-layout-flex\">\n<div class=\"wp-block-column is-layout-flow wp-block-column-is-layout-flow\" style=\"flex-basis:33.33%\">\n<figure class=\"wp-block-image size-full\"><img loading=\"lazy\" decoding=\"async\" width=\"674\" height=\"500\" src=\"https:\/\/cnr.bcopin.net\/wp-content\/uploads\/2025\/11\/emplacement.png\" alt=\"\" class=\"wp-image-224\" srcset=\"https:\/\/www.campingnaturistelachenaie.com\/wp-content\/uploads\/2025\/11\/emplacement.png 674w, https:\/\/www.campingnaturistelachenaie.com\/wp-content\/uploads\/2025\/11\/emplacement-300x223.png 300w\" sizes=\"auto, (max-width: 674px) 100vw, 674px\" \/><\/figure>\n<\/div>\n\n\n\n<div class=\"wp-block-column is-layout-flow wp-block-column-is-layout-flow\" style=\"flex-basis:66.66%\">\n<p><strong>(heure d&rsquo;arriv\u00e9e 15h00 \/ d\u00e9part 10h00)<\/strong><\/p>\n\n\n\n<p>Les emplacements nus sont pr\u00e9vus pour 2 personnes.&nbsp;<\/p>\n\n\n\n<p>\u00c9lectricit\u00e9 10 amp\u00e8res en suppl\u00e9ment.<\/p>\n\n\n\n<p>Tarif par emplacement par nuit\u00e9e :<\/p>\n\n\n\n<p>Basse Saison : 21\u20ac \/ Nuit \/ 2 Personnes (du 16\/04\/2026 au 30\/06\/2026 et du 01\/09\/2026 au 27\/09\/2026)<\/p>\n\n\n\n<p>Haute Saison : 24\u20ac \/ Nuit \/ 2 Personnes (du 01\/07\/2026 au 31\/08\/2026)<\/p>\n\n\n\n<p><font color=\"red\">Licence FFN obligatoire<\/font><\/p>\n<\/div>\n<\/div>\n\n\n\n<p>\u200b\u200b<\/p>\n\n\n\n<p><strong>Caravanes <\/strong><\/p>\n\n\n\n<div class=\"wp-block-columns is-layout-flex wp-container-core-columns-is-layout-28f84493 wp-block-columns-is-layout-flex\">\n<div class=\"wp-block-column is-layout-flow wp-block-column-is-layout-flow\" style=\"flex-basis:33.33%\">\n<figure class=\"wp-block-image size-full\"><img loading=\"lazy\" decoding=\"async\" width=\"1006\" height=\"750\" src=\"wp-content\/uploads\/2025\/11\/Capture-decran-2025-11-06-a-10.47.08.png\" alt=\"\" class=\"wp-image-90\" srcset=\"https:\/\/www.campingnaturistelachenaie.com\/wp-content\/uploads\/2025\/11\/Capture-decran-2025-11-06-a-10.47.08.png 1006w, https:\/\/www.campingnaturistelachenaie.com\/wp-content\/uploads\/2025\/11\/Capture-decran-2025-11-06-a-10.47.08-300x224.png 300w, https:\/\/www.campingnaturistelachenaie.com\/wp-content\/uploads\/2025\/11\/Capture-decran-2025-11-06-a-10.47.08-768x573.png 768w\" sizes=\"auto, (max-width: 1006px) 100vw, 1006px\" \/><\/figure>\n<\/div>\n\n\n\n<div class=\"wp-block-column is-layout-flow wp-block-column-is-layout-flow\" style=\"flex-basis:66.66%\">\n<p><strong>(heure d&rsquo;arriv\u00e9e 15h00 \/ d\u00e9part 10h00)<\/strong><\/p>\n\n\n\n<p>Pour ces r\u00e9servations, deux caravanes sont disponibles : Arum et Rose. <\/p>\n\n\n\n<p>L&rsquo;\u00e9lectricit\u00e9 est incluse.<\/p>\n\n\n\n<p>2 personnes maximum par caravane. Interdiction de fumer \u00e0 l&rsquo;int\u00e9rieur.<\/p>\n\n\n\n<p>T\u00e9l\u00e9vision, Gazini\u00e8re, R\u00e9frig\u00e9rateur, Micro-Ondes, Cafeti\u00e8re, Bouilloire<\/p>\n\n\n\n<p>Pour deux semaines cons\u00e9cutives, remise de 10% sur le s\u00e9jour.<\/p>\n\n\n\n<p>Tarif par nuit\u00e9e (minimum 2 nuits):<\/p>\n\n\n\n<p>Basse Saison : 35\u20ac \/ Nuit \/ 2 Personnes (du 16\/04\/2026 au 30\/06\/2026 et du 01\/09\/2026 au 27\/09\/2026)<\/p>\n\n\n\n<p>Haute Saison : 40\u20ac \/ Nuit \/ 2 Personnes (du 01\/07\/2026 au 31\/08\/2026)<\/p>\n\n\n\n<p><font color=\"red\">Licence FFN obligatoire<\/font><\/p>\n\n\n\n<p>ANIMAUX INTERDITS DANS LES LOCATIONS.&nbsp;<\/p>\n\n\n\n<p>M\u00e9nage complet \u00e0 faire en fin de s\u00e9jour.&nbsp;<\/p>\n<\/div>\n<\/div>\n\n\n\n<p><strong>Mobile Homes <\/strong><\/p>\n\n\n\n<div class=\"wp-block-columns is-layout-flex wp-container-core-columns-is-layout-28f84493 wp-block-columns-is-layout-flex\">\n<div class=\"wp-block-column is-layout-flow wp-block-column-is-layout-flow\" style=\"flex-basis:33.33%\">\n<figure class=\"wp-block-image size-large\"><img loading=\"lazy\" decoding=\"async\" width=\"1024\" height=\"574\" src=\"wp-content\/uploads\/2025\/11\/Capture-decran-2025-11-06-a-10.39.03-1024x574.png\" alt=\"\" class=\"wp-image-91\" srcset=\"https:\/\/www.campingnaturistelachenaie.com\/wp-content\/uploads\/2025\/11\/Capture-decran-2025-11-06-a-10.39.03-1024x574.png 1024w, https:\/\/www.campingnaturistelachenaie.com\/wp-content\/uploads\/2025\/11\/Capture-decran-2025-11-06-a-10.39.03-300x168.png 300w, https:\/\/www.campingnaturistelachenaie.com\/wp-content\/uploads\/2025\/11\/Capture-decran-2025-11-06-a-10.39.03-768x431.png 768w, https:\/\/www.campingnaturistelachenaie.com\/wp-content\/uploads\/2025\/11\/Capture-decran-2025-11-06-a-10.39.03-1536x862.png 1536w, https:\/\/www.campingnaturistelachenaie.com\/wp-content\/uploads\/2025\/11\/Capture-decran-2025-11-06-a-10.39.03-2048x1149.png 2048w\" sizes=\"auto, (max-width: 1024px) 100vw, 1024px\" \/><\/figure>\n<\/div>\n\n\n\n<div class=\"wp-block-column is-layout-flow wp-block-column-is-layout-flow\" style=\"flex-basis:66.66%\">\n<p><strong>(heure d&rsquo;arriv\u00e9e 15h00 \/ d\u00e9part 10h00)<\/strong><\/p>\n\n\n\n<p><\/p>\n\n\n\n<p>Pour ces r\u00e9servations, quatre mobile homes sont disponibles : Mimosa, Coquelicot, Tournesol avec terrasses bois couverte et Lys avec une avanc\u00e9e.<\/p>\n\n\n\n<p>L&rsquo;\u00e9lectricit\u00e9 est incluse.<\/p>\n\n\n\n<p>4 personnes maximum, 2 chambres s\u00e9par\u00e9es, couettes et oreillers, cuisine \u00e9quip\u00e9e, t\u00e9l\u00e9vision, douche et WC. Interdiction de fumer \u00e0 l&rsquo;int\u00e9rieur.<\/p>\n\n\n\n<p>Pour deux semaines cons\u00e9cutives, remise de 10% sur le s\u00e9jour.<\/p>\n\n\n\n<p>Tarif par nuit\u00e9e (minimum 2 nuits):<\/p>\n\n\n\n<p>Basse Saison : 55\u20ac \/ Nuit \/ 2 Personnes (du 16\/04\/2026 au 30\/06\/2026 et du 01\/09\/2026 au 27\/09\/2026)<\/p>\n\n\n\n<p>Haute Saison : 60\u20ac \/ Nuit \/ 2 Personnes (du 01\/07\/2026 au 31\/08\/2026)<\/p>\n\n\n\n<p><font color=\"red\">Licence FFN obligatoire<\/font><\/p>\n\n\n\n<p>ANIMAUX INTERDITS DANS LES LOCATIONS<\/p>\n\n\n\n<p>M\u00e9nage complet \u00e0 faire en fin de s\u00e9jour.<\/p>\n<\/div>\n<\/div>\n\n\n\n<p><strong>Les suppl\u00e9ments<\/strong><\/p>\n\n\n\n<p>* \u00c9lectricit\u00e9 10 amp\u00e8res: 5\u20ac00 (par nuit\u00e9e) pr\u00e9voir prise europ\u00e9enne et\/ou adaptateur<\/p>\n\n\n\n<p>* Taxe de s\u00e9jour: 0.22\u20ac (par nuit\u00e9e et par pers. d\u00e8s 13 ans)&nbsp;<\/p>\n\n\n\n<p>* Adulte suppl\u00e9mentaire : 10.00\u20ac (par nuit\u00e9e et par personne)<\/p>\n\n\n\n<p>* Enfant \u2013 de 8 ans : gratuit<\/p>\n\n\n\n<p>* Enfant de 8 ans \u00e0 18 ans par nuit\u00e9e : 5.00\u20ac<\/p>\n\n\n\n<p>* Animaux: 5.00\u20ac (par nuit\u00e9e) (<font color=\"red\">passeport et vaccins a jour obligatoire<\/font>)<\/p>\n\n\n\n<p>* Pour les s\u00e9jours, badge d&rsquo;ouverture portail avec caution de 50\u20ac (en esp\u00e8ces, ch\u00e8que ou carte de la FFN)<\/p>\n","protected":false},"excerpt":{"rendered":"<p>\u200bEmplacement camping (Caravane \/ Tente \/ Camping Car) (heure d&rsquo;arriv\u00e9e 15h00 \/ d\u00e9part 10h00) Les emplacements nus sont pr\u00e9vus pour 2 personnes.&nbsp; \u00c9lectricit\u00e9 10 amp\u00e8res en suppl\u00e9ment. Tarif par emplacement par nuit\u00e9e : Basse Saison : 21\u20ac \/ Nuit \/ 2 Personnes (du 16\/04\/2026 au 30\/06\/2026 et du 01\/09\/2026 au 27\/09\/2026) Haute Saison : 24\u20ac [&hellip;]<\/p>\n","protected":false},"author":1,"featured_media":0,"parent":0,"menu_order":0,"comment_status":"closed","ping_status":"closed","template":"","meta":{"footnotes":""},"class_list":["post-96","page","type-page","status-publish","hentry"],"yoast_head":"<!-- This site is optimized with the Yoast SEO plugin v27.3 - https:\/\/yoast.com\/product\/yoast-seo-wordpress\/ -->\n<title>Nos H\u00e9bergements - Camping Naturiste La Ch\u00eanaie<\/title>\n<meta name=\"robots\" content=\"index, follow, max-snippet:-1, max-image-preview:large, max-video-preview:-1\" \/>\n<link rel=\"canonical\" href=\"https:\/\/www.campingnaturistelachenaie.com\/?page_id=96\" \/>\n<meta property=\"og:locale\" content=\"fr_FR\" \/>\n<meta property=\"og:type\" content=\"article\" \/>\n<meta property=\"og:title\" content=\"Nos H\u00e9bergements - Camping Naturiste La Ch\u00eanaie\" \/>\n<meta property=\"og:description\" content=\"\u200bEmplacement camping (Caravane \/ Tente \/ Camping Car) (heure d&rsquo;arriv\u00e9e 15h00 \/ d\u00e9part 10h00) Les emplacements nus sont pr\u00e9vus pour 2 personnes.&nbsp; \u00c9lectricit\u00e9 10 amp\u00e8res en suppl\u00e9ment. Tarif par emplacement par nuit\u00e9e : Basse Saison : 21\u20ac \/ Nuit \/ 2 Personnes (du 16\/04\/2026 au 30\/06\/2026 et du 01\/09\/2026 au 27\/09\/2026) Haute Saison : 24\u20ac [&hellip;]\" \/>\n<meta property=\"og:url\" content=\"https:\/\/www.campingnaturistelachenaie.com\/?page_id=96\" \/>\n<meta property=\"og:site_name\" content=\"Camping Naturiste La Ch\u00eanaie\" \/>\n<meta property=\"article:modified_time\" content=\"2026-02-19T10:20:39+00:00\" \/>\n<meta property=\"og:image\" content=\"https:\/\/www.campingnaturistelachenaie.com\/wp-content\/uploads\/2025\/11\/reserver.png\" \/>\n\t<meta property=\"og:image:width\" content=\"667\" \/>\n\t<meta property=\"og:image:height\" content=\"228\" \/>\n\t<meta property=\"og:image:type\" content=\"image\/png\" \/>\n<meta name=\"twitter:card\" content=\"summary_large_image\" \/>\n<meta name=\"twitter:label1\" content=\"Dur\u00e9e de lecture estim\u00e9e\" \/>\n\t<meta name=\"twitter:data1\" content=\"3 minutes\" \/>\n<script type=\"application\/ld+json\" class=\"yoast-schema-graph\">{\"@context\":\"https:\\\/\\\/schema.org\",\"@graph\":[{\"@type\":\"WebPage\",\"@id\":\"https:\\\/\\\/www.campingnaturistelachenaie.com\\\/?page_id=96\",\"url\":\"https:\\\/\\\/www.campingnaturistelachenaie.com\\\/?page_id=96\",\"name\":\"Nos H\u00e9bergements - Camping Naturiste La Ch\u00eanaie\",\"isPartOf\":{\"@id\":\"https:\\\/\\\/www.campingnaturistelachenaie.com\\\/#website\"},\"primaryImageOfPage\":{\"@id\":\"https:\\\/\\\/www.campingnaturistelachenaie.com\\\/?page_id=96#primaryimage\"},\"image\":{\"@id\":\"https:\\\/\\\/www.campingnaturistelachenaie.com\\\/?page_id=96#primaryimage\"},\"thumbnailUrl\":\"https:\\\/\\\/cnr.bcopin.net\\\/wp-content\\\/uploads\\\/2025\\\/11\\\/reserver.png\",\"datePublished\":\"2025-11-06T09:55:00+00:00\",\"dateModified\":\"2026-02-19T10:20:39+00:00\",\"breadcrumb\":{\"@id\":\"https:\\\/\\\/www.campingnaturistelachenaie.com\\\/?page_id=96#breadcrumb\"},\"inLanguage\":\"fr-FR\",\"potentialAction\":[{\"@type\":\"ReadAction\",\"target\":[\"https:\\\/\\\/www.campingnaturistelachenaie.com\\\/?page_id=96\"]}]},{\"@type\":\"ImageObject\",\"inLanguage\":\"fr-FR\",\"@id\":\"https:\\\/\\\/www.campingnaturistelachenaie.com\\\/?page_id=96#primaryimage\",\"url\":\"https:\\\/\\\/cnr.bcopin.net\\\/wp-content\\\/uploads\\\/2025\\\/11\\\/reserver.png\",\"contentUrl\":\"https:\\\/\\\/cnr.bcopin.net\\\/wp-content\\\/uploads\\\/2025\\\/11\\\/reserver.png\"},{\"@type\":\"BreadcrumbList\",\"@id\":\"https:\\\/\\\/www.campingnaturistelachenaie.com\\\/?page_id=96#breadcrumb\",\"itemListElement\":[{\"@type\":\"ListItem\",\"position\":1,\"name\":\"Home\",\"item\":\"https:\\\/\\\/www.campingnaturistelachenaie.com\\\/\"},{\"@type\":\"ListItem\",\"position\":2,\"name\":\"Nos H\u00e9bergements\"}]},{\"@type\":\"WebSite\",\"@id\":\"https:\\\/\\\/www.campingnaturistelachenaie.com\\\/#website\",\"url\":\"https:\\\/\\\/www.campingnaturistelachenaie.com\\\/\",\"name\":\"Camping Naturiste La Ch\u00eanaie\",\"description\":\"Camping Naturiste La Ch\u00eanaie\",\"publisher\":{\"@id\":\"https:\\\/\\\/www.campingnaturistelachenaie.com\\\/#organization\"},\"potentialAction\":[{\"@type\":\"SearchAction\",\"target\":{\"@type\":\"EntryPoint\",\"urlTemplate\":\"https:\\\/\\\/www.campingnaturistelachenaie.com\\\/?s={search_term_string}\"},\"query-input\":{\"@type\":\"PropertyValueSpecification\",\"valueRequired\":true,\"valueName\":\"search_term_string\"}}],\"inLanguage\":\"fr-FR\"},{\"@type\":\"Organization\",\"@id\":\"https:\\\/\\\/www.campingnaturistelachenaie.com\\\/#organization\",\"name\":\"Camping Naturiste La Ch\u00eanaie\",\"url\":\"https:\\\/\\\/www.campingnaturistelachenaie.com\\\/\",\"logo\":{\"@type\":\"ImageObject\",\"inLanguage\":\"fr-FR\",\"@id\":\"https:\\\/\\\/www.campingnaturistelachenaie.com\\\/#\\\/schema\\\/logo\\\/image\\\/\",\"url\":\"https:\\\/\\\/cnr.bcopin.net\\\/wp-content\\\/uploads\\\/2025\\\/11\\\/cropped-favicon.jpg\",\"contentUrl\":\"https:\\\/\\\/cnr.bcopin.net\\\/wp-content\\\/uploads\\\/2025\\\/11\\\/cropped-favicon.jpg\",\"width\":512,\"height\":512,\"caption\":\"Camping Naturiste La Ch\u00eanaie\"},\"image\":{\"@id\":\"https:\\\/\\\/www.campingnaturistelachenaie.com\\\/#\\\/schema\\\/logo\\\/image\\\/\"}}]}<\/script>\n<!-- \/ Yoast SEO plugin. -->","yoast_head_json":{"title":"Nos H\u00e9bergements - Camping Naturiste La Ch\u00eanaie","robots":{"index":"index","follow":"follow","max-snippet":"max-snippet:-1","max-image-preview":"max-image-preview:large","max-video-preview":"max-video-preview:-1"},"canonical":"https:\/\/www.campingnaturistelachenaie.com\/?page_id=96","og_locale":"fr_FR","og_type":"article","og_title":"Nos H\u00e9bergements - Camping Naturiste La Ch\u00eanaie","og_description":"\u200bEmplacement camping (Caravane \/ Tente \/ Camping Car) (heure d&rsquo;arriv\u00e9e 15h00 \/ d\u00e9part 10h00) Les emplacements nus sont pr\u00e9vus pour 2 personnes.&nbsp; \u00c9lectricit\u00e9 10 amp\u00e8res en suppl\u00e9ment. Tarif par emplacement par nuit\u00e9e : Basse Saison : 21\u20ac \/ Nuit \/ 2 Personnes (du 16\/04\/2026 au 30\/06\/2026 et du 01\/09\/2026 au 27\/09\/2026) Haute Saison : 24\u20ac [&hellip;]","og_url":"https:\/\/www.campingnaturistelachenaie.com\/?page_id=96","og_site_name":"Camping Naturiste La Ch\u00eanaie","article_modified_time":"2026-02-19T10:20:39+00:00","og_image":[{"width":667,"height":228,"url":"https:\/\/www.campingnaturistelachenaie.com\/wp-content\/uploads\/2025\/11\/reserver.png","type":"image\/png"}],"twitter_card":"summary_large_image","twitter_misc":{"Dur\u00e9e de lecture estim\u00e9e":"3 minutes"},"schema":{"@context":"https:\/\/schema.org","@graph":[{"@type":"WebPage","@id":"https:\/\/www.campingnaturistelachenaie.com\/?page_id=96","url":"https:\/\/www.campingnaturistelachenaie.com\/?page_id=96","name":"Nos H\u00e9bergements - Camping Naturiste La Ch\u00eanaie","isPartOf":{"@id":"https:\/\/www.campingnaturistelachenaie.com\/#website"},"primaryImageOfPage":{"@id":"https:\/\/www.campingnaturistelachenaie.com\/?page_id=96#primaryimage"},"image":{"@id":"https:\/\/www.campingnaturistelachenaie.com\/?page_id=96#primaryimage"},"thumbnailUrl":"https:\/\/cnr.bcopin.net\/wp-content\/uploads\/2025\/11\/reserver.png","datePublished":"2025-11-06T09:55:00+00:00","dateModified":"2026-02-19T10:20:39+00:00","breadcrumb":{"@id":"https:\/\/www.campingnaturistelachenaie.com\/?page_id=96#breadcrumb"},"inLanguage":"fr-FR","potentialAction":[{"@type":"ReadAction","target":["https:\/\/www.campingnaturistelachenaie.com\/?page_id=96"]}]},{"@type":"ImageObject","inLanguage":"fr-FR","@id":"https:\/\/www.campingnaturistelachenaie.com\/?page_id=96#primaryimage","url":"https:\/\/cnr.bcopin.net\/wp-content\/uploads\/2025\/11\/reserver.png","contentUrl":"https:\/\/cnr.bcopin.net\/wp-content\/uploads\/2025\/11\/reserver.png"},{"@type":"BreadcrumbList","@id":"https:\/\/www.campingnaturistelachenaie.com\/?page_id=96#breadcrumb","itemListElement":[{"@type":"ListItem","position":1,"name":"Home","item":"https:\/\/www.campingnaturistelachenaie.com\/"},{"@type":"ListItem","position":2,"name":"Nos H\u00e9bergements"}]},{"@type":"WebSite","@id":"https:\/\/www.campingnaturistelachenaie.com\/#website","url":"https:\/\/www.campingnaturistelachenaie.com\/","name":"Camping Naturiste La Ch\u00eanaie","description":"Camping Naturiste La Ch\u00eanaie","publisher":{"@id":"https:\/\/www.campingnaturistelachenaie.com\/#organization"},"potentialAction":[{"@type":"SearchAction","target":{"@type":"EntryPoint","urlTemplate":"https:\/\/www.campingnaturistelachenaie.com\/?s={search_term_string}"},"query-input":{"@type":"PropertyValueSpecification","valueRequired":true,"valueName":"search_term_string"}}],"inLanguage":"fr-FR"},{"@type":"Organization","@id":"https:\/\/www.campingnaturistelachenaie.com\/#organization","name":"Camping Naturiste La Ch\u00eanaie","url":"https:\/\/www.campingnaturistelachenaie.com\/","logo":{"@type":"ImageObject","inLanguage":"fr-FR","@id":"https:\/\/www.campingnaturistelachenaie.com\/#\/schema\/logo\/image\/","url":"https:\/\/cnr.bcopin.net\/wp-content\/uploads\/2025\/11\/cropped-favicon.jpg","contentUrl":"https:\/\/cnr.bcopin.net\/wp-content\/uploads\/2025\/11\/cropped-favicon.jpg","width":512,"height":512,"caption":"Camping Naturiste La Ch\u00eanaie"},"image":{"@id":"https:\/\/www.campingnaturistelachenaie.com\/#\/schema\/logo\/image\/"}}]}},"_links":{"self":[{"href":"https:\/\/www.campingnaturistelachenaie.com\/index.php?rest_route=\/wp\/v2\/pages\/96","targetHints":{"allow":["GET"]}}],"collection":[{"href":"https:\/\/www.campingnaturistelachenaie.com\/index.php?rest_route=\/wp\/v2\/pages"}],"about":[{"href":"https:\/\/www.campingnaturistelachenaie.com\/index.php?rest_route=\/wp\/v2\/types\/page"}],"author":[{"embeddable":true,"href":"https:\/\/www.campingnaturistelachenaie.com\/index.php?rest_route=\/wp\/v2\/users\/1"}],"replies":[{"embeddable":true,"href":"https:\/\/www.campingnaturistelachenaie.com\/index.php?rest_route=%2Fwp%2Fv2%2Fcomments&post=96"}],"version-history":[{"count":32,"href":"https:\/\/www.campingnaturistelachenaie.com\/index.php?rest_route=\/wp\/v2\/pages\/96\/revisions"}],"predecessor-version":[{"id":307,"href":"https:\/\/www.campingnaturistelachenaie.com\/index.php?rest_route=\/wp\/v2\/pages\/96\/revisions\/307"}],"wp:attachment":[{"href":"https:\/\/www.campingnaturistelachenaie.com\/index.php?rest_route=%2Fwp%2Fv2%2Fmedia&parent=96"}],"curies":[{"name":"wp","href":"https:\/\/api.w.org\/{rel}","templated":true}]}}